{"id":4866,"date":"2016-10-29T00:42:58","date_gmt":"2016-10-28T22:42:58","guid":{"rendered":"http:\/\/localhost\/wordpress\/?page_id=4866"},"modified":"2024-01-15T20:52:37","modified_gmt":"2024-01-15T19:52:37","slug":"bibione-beach-coed-d1pierre10coups-2","status":"publish","type":"page","link":"https:\/\/d1pierre10coups.be\/wordpress\/bibione-beach-coed-d1pierre10coups-2\/","title":{"rendered":"Bibione Beach CoEd &#038; d1pierre10coups"},"content":{"rendered":"<table>\n<tbody>\n<tr>\n<td>A propos de la contribution du Bibione Beach Challenge aux projets <strong><span style=\"color: #008000;\">d1pie<\/span><span style=\"color: #ffb428;\">rre10<\/span><span style=\"color: #c00000;\">coups<\/span><\/strong>.<\/td>\n<td align=\"right\" width=\"170\"><a href=\"https:\/\/d1pierre10coups.be\/wordpress\/?page_id=4866\"><img loading=\"lazy\" decoding=\"async\" src=\"https:\/\/d1pierre10coups.be\/wordpress\/wp-content\/uploads\/2024\/01\/FR_.jpg\" width=\"31\" height=\"20\" \/><\/a> <a href=\"https:\/\/d1pierre10coups.be\/wordpress\/?page_id=4809\"><img loading=\"lazy\" decoding=\"async\" src=\"https:\/\/d1pierre10coups.be\/wordpress\/wp-content\/uploads\/2024\/01\/UK_.jpg\" width=\"31\" height=\"20\" \/><\/a><\/td>\n<\/tr>\n<tr>\n<td colspan=\"2\"><img loading=\"lazy\" decoding=\"async\" src=\"https:\/\/d1pierre10coups.be\/wordpress\/wp-content\/uploads\/2024\/01\/bibione-header.jpg\" width=\"459\" height=\"86\" \/><\/td>\n<\/tr>\n<\/tbody>\n<\/table>\n<table>\n<tbody>\n<tr>\n<td>En 1999, nous \u00e9tions 3 amis et joueurs d\u2019Ultimate, Malte (Gen\u00e8ve), Paul (Flying Bisch #8) et moi, Pierre (Bruxelles), partis \u00e0 la d\u00e9couverte du S\u00e9n\u00e9gal dans un voyage en camionnette et moto.<\/p>\n<p>Peu de temps avant, j\u2019avais rencontr\u00e9 un \u00e9migr\u00e9 S\u00e9n\u00e9galais \u00e0 Paris et entendu parler de son village Barmathial. Sans autre information, nous avons d\u00e9cid\u00e9 de nous y rendre.<\/td>\n<td align=\"right\" width=\"300\"><a href=\"https:\/\/d1pierre10coups.be\/wordpress\/wp-content\/uploads\/2024\/01\/Save0260.jpg\" target=\"_blank\" rel=\"noopener\" data-rel=\"lightbox-gallery-pmwbaCKi\" data-rl_title=\"\" data-rl_caption=\"\" title=\"\"><img decoding=\"async\" src=\"https:\/\/d1pierre10coups.be\/wordpress\/wp-content\/uploads\/2024\/01\/rave0260.jpg\" alt=\"\" \/><\/a><\/td>\n<\/tr>\n<tr>\n<td colspan=\"2\"><a href=\"https:\/\/d1pierre10coups.be\/wordpress\/wp-content\/uploads\/2024\/01\/Save0239.jpg\" target=\"_blank\" rel=\"noopener\" data-rel=\"lightbox-gallery-pmwbaCKi\" data-rl_title=\"\" data-rl_caption=\"\" title=\"\"><img loading=\"lazy\" decoding=\"async\" src=\"https:\/\/d1pierre10coups.be\/wordpress\/wp-content\/uploads\/2024\/01\/rave0239.jpg\" alt=\"\" width=\"218\" height=\"141\" \/><\/a><a href=\"https:\/\/d1pierre10coups.be\/wordpress\/wp-content\/uploads\/2024\/01\/Save0241.jpg\" target=\"_blank\" rel=\"noopener\" data-rel=\"lightbox-gallery-pmwbaCKi\" data-rl_title=\"\" data-rl_caption=\"\" title=\"\"><img loading=\"lazy\" decoding=\"async\" src=\"https:\/\/d1pierre10coups.be\/wordpress\/wp-content\/uploads\/2024\/01\/rave0241.jpg\" alt=\"\" width=\"210\" height=\"141\" \/><\/a><a href=\"https:\/\/d1pierre10coups.be\/wordpress\/wp-content\/uploads\/2024\/01\/Save0242.jpg\" target=\"_blank\" rel=\"noopener\" data-rel=\"lightbox-gallery-pmwbaCKi\" data-rl_title=\"\" data-rl_caption=\"\" title=\"\"><img loading=\"lazy\" decoding=\"async\" src=\"https:\/\/d1pierre10coups.be\/wordpress\/wp-content\/uploads\/2024\/01\/rave0242.jpg\" alt=\"\" width=\"210\" height=\"141\" \/><\/a><\/td>\n<\/tr>\n<tr>\n<td colspan=\"2\">Depuis, j\u2019ai rendu une quinzaine de visites \u00e0 Barmathial, un village isol\u00e9, sans ressources et \u00e9videmment tr\u00e8s pauvre. Jusqu&rsquo;\u00e0 la fin des ann\u00e9es 90, TOUS les adultes vivant au village \u00e9taient analphab\u00e8tes.<\/p>\n<p><u><strong>Les d\u00e9buts du projet<\/strong><\/u><br \/>\nApr\u00e8s les d\u00e9buts difficiles d&rsquo;une \u00e9cole primaire ouverte au village en 1996, les premiers enfants de Barmathial ont termin\u00e9 en 2004 le cycle primaire. La poursuite de leurs \u00e9tudes au coll\u00e8ge -dans des petites villes \u00e9loign\u00e9es de leur village- n&rsquo;\u00e9tait pas une chose qui allait de soi.<\/td>\n<\/tr>\n<tr>\n<td><a href=\"https:\/\/d1pierre10coups.be\/wordpress\/wp-content\/uploads\/2024\/01\/DSC06581.jpg\" target=\"_blank\" rel=\"noopener\" data-rel=\"lightbox-gallery-pmwbaCKi\" data-rl_title=\"\" data-rl_caption=\"\" title=\"\"><img loading=\"lazy\" decoding=\"async\" src=\"https:\/\/d1pierre10coups.be\/wordpress\/wp-content\/uploads\/2024\/01\/mSC06581.jpg\" alt=\"\" width=\"368\" height=\"163\" \/><\/a><br \/>\n<a href=\"https:\/\/d1pierre10coups.be\/wordpress\/wp-content\/uploads\/2024\/01\/DSC04727.jpg\" target=\"_blank\" rel=\"noopener\" data-rel=\"lightbox-gallery-pmwbaCKi\" data-rl_title=\"\" data-rl_caption=\"\" title=\"\"><img decoding=\"async\" src=\"https:\/\/d1pierre10coups.be\/wordpress\/wp-content\/uploads\/2024\/01\/rSC04727.jpg\" \/><\/a><\/td>\n<td align=\"right\" width=\"345\"><a href=\"https:\/\/d1pierre10coups.be\/wordpress\/wp-content\/uploads\/2024\/01\/DSC04787.jpg\" target=\"_blank\" rel=\"noopener\" data-rel=\"lightbox-gallery-pmwbaCKi\" data-rl_title=\"\" data-rl_caption=\"\" title=\"\"><img decoding=\"async\" src=\"https:\/\/d1pierre10coups.be\/wordpress\/wp-content\/uploads\/2024\/01\/mSC04787.jpg\" width=\"293\" \/><\/a><br \/>\n<a href=\"https:\/\/d1pierre10coups.be\/wordpress\/wp-content\/uploads\/2024\/01\/DSC06694.jpg\" target=\"_blank\" rel=\"noopener\" data-rel=\"lightbox-gallery-pmwbaCKi\" data-rl_title=\"\" data-rl_caption=\"\" title=\"\"><img decoding=\"async\" src=\"https:\/\/d1pierre10coups.be\/wordpress\/wp-content\/uploads\/2024\/01\/mSC06694.jpg\" width=\"293\" \/><\/a><\/td>\n<\/tr>\n<tr>\n<td colspan=\"2\">Les \u00e9tudes secondaires posent des probl\u00e8mes nouveaux: le co\u00fbt financier d\u2019abord, mais aussi les enfants \u00abgrandissent\u00bb loin du village, l\u2019appui scolaire est difficile\u2026 Les coll\u00e9giens explorent une voie nouvelle et inconnue, celle de la scolarit\u00e9 !<\/p>\n<p>C\u2019est pour les soutenir dans cette aventure exaltante mais difficile que j\u2019ai mis en place un syst\u00e8me de bourses et d\u2019appui en fournitures scolaires tout en suivant les r\u00e9sultats et en ayant des contacts r\u00e9guliers avec les \u00e9l\u00e8ves et les enseignants.<\/p>\n<p>Cette ann\u00e9e scolaire 2016-2017 est la treizi\u00e8me ann\u00e9e de cette aventure. <strong>Le nombre de coll\u00e9giens et lyc\u00e9ens est pass\u00e9 de 6 en 2004 \u00e0 \u2026 75 en 2015<\/strong>, dont une <strong>vingtaine<\/strong> dans le <strong>secondaire sup\u00e9rieur !<\/strong><\/p>\n<p>En juillet 2013, un lyc\u00e9en a obtenu le baccalaur\u00e9at. Inscrit \u00e0 l&rsquo;niversit\u00e9 de Dakar, il est cette ann\u00e9e en 3e licence \u00e0 la Facult\u00e9 des Sciences Physiques.<\/p>\n<p>En juillet 2014, 2015 et 2016, 6 nouveaux lyc\u00e9ens ont obtenu le bac et poursuivent des \u00e9tudes sup\u00e9rieures.<\/p>\n<p><strong>Voil\u00e0, en quelques propos tr\u00e8s r\u00e9sum\u00e9s, \u00e0 quel projet Paul #8 et moi vous proposons de contribuer par quelques \u20ac .<\/strong><\/p>\n<p>Si vous le d\u00e9sirez, laissez-nous votre adresse e-mail et je vous tiendrai au courant des \u00e9volutions. Plus d\u2019infos sur ce site (<a title=\"blocked::https:\/\/d1pierre10coups.be\/\" href=\"https:\/\/d1pierre10coups.be\/\" target=\"_parent\" rel=\"noopener\">https:\/\/d1pierre10coups.be<\/a>).<\/p>\n<p align=\"center\"><img loading=\"lazy\" decoding=\"async\" class=\"alignnone size-thumbnail wp-image-6677\" src=\"https:\/\/d1pierre10coups.be\/wordpress\/wp-content\/uploads\/2018\/05\/PierreSign-150x85.jpg\" alt=\"\" width=\"150\" height=\"85\" srcset=\"https:\/\/d1pierre10coups.be\/wordpress\/wp-content\/uploads\/2018\/05\/PierreSign-150x85.jpg 150w, https:\/\/d1pierre10coups.be\/wordpress\/wp-content\/uploads\/2018\/05\/PierreSign-300x171.jpg 300w, https:\/\/d1pierre10coups.be\/wordpress\/wp-content\/uploads\/2018\/05\/PierreSign.jpg 346w\" sizes=\"auto, (max-width: 150px) 100vw, 150px\" \/><\/p>\n<p class=\"Arial\" align=\"left\">Gr\u00e2ce \u00e0 l&rsquo;organisation du tournoi Bibione 2016, BB-SEA a transf\u00e9r\u00e9 <strong>2000 \u20ac<\/strong> sur le compte <strong><span style=\"color: #008000;\">d1pie<\/span><span style=\"color: #ffb428;\">rre10<\/span><span style=\"color: #c00000;\">coups<\/span><\/strong>, contribuant ainsi pour la 6e ann\u00e9e cons\u00e9cutive \u00e0 la poursuite du soutien aux jeunes scolaris\u00e9s de Barmathial.<\/p>\n<\/td>\n<\/tr>\n<\/tbody>\n<\/table>\n","protected":false},"excerpt":{"rendered":"<p>A propos de la contribution du Bibione Beach Challenge aux projets d1pierre10coups. En 1999, nous \u00e9tions 3 amis et joueurs d\u2019Ultimate, Malte (Gen\u00e8ve), Paul (Flying Bisch #8) et moi, Pierre (Bruxelles), partis \u00e0 la d\u00e9couverte du S\u00e9n\u00e9gal dans un voyage en camionnette et moto. Peu de temps avant, j\u2019avais rencontr\u00e9 un \u00e9migr\u00e9 S\u00e9n\u00e9galais \u00e0 Paris [&hellip;]<\/p>\n","protected":false},"author":1,"featured_media":0,"parent":0,"menu_order":0,"comment_status":"closed","ping_status":"closed","template":"","meta":{"site-sidebar-layout":"default","site-content-layout":"","ast-site-content-layout":"default","site-content-style":"default","site-sidebar-style":"default","ast-global-header-display":"","ast-banner-title-visibility":"","ast-main-header-display":"","ast-hfb-above-header-display":"","ast-hfb-below-header-display":"","ast-hfb-mobile-header-display":"","site-post-title":"","ast-breadcrumbs-content":"","ast-featured-img":"","footer-sml-layout":"","ast-disable-related-posts":"","theme-transparent-header-meta":"","adv-header-id-meta":"","stick-header-meta":"","header-above-stick-meta":"","header-main-stick-meta":"","header-below-stick-meta":"","astra-migrate-meta-layouts":"default","ast-page-background-enabled":"default","ast-page-background-meta":{"desktop":{"background-color":"var(--ast-global-color-5)","background-image":"","background-repeat":"repeat","background-position":"center center","background-size":"auto","background-attachment":"scroll","background-type":"","background-media":"","overlay-type":"","overlay-color":"","overlay-opacity":"","overlay-gradient":""},"tablet":{"background-color":"","background-image":"","background-repeat":"repeat","background-position":"center center","background-size":"auto","background-attachment":"scroll","background-type":"","background-media":"","overlay-type":"","overlay-color":"","overlay-opacity":"","overlay-gradient":""},"mobile":{"background-color":"","background-image":"","background-repeat":"repeat","background-position":"center center","background-size":"auto","background-attachment":"scroll","background-type":"","background-media":"","overlay-type":"","overlay-color":"","overlay-opacity":"","overlay-gradient":""}},"ast-content-background-meta":{"desktop":{"background-color":"var(--ast-global-color-4)","background-image":"","background-repeat":"repeat","background-position":"center center","background-size":"auto","background-attachment":"scroll","background-type":"","background-media":"","overlay-type":"","overlay-color":"","overlay-opacity":"","overlay-gradient":""},"tablet":{"background-color":"var(--ast-global-color-4)","background-image":"","background-repeat":"repeat","background-position":"center center","background-size":"auto","background-attachment":"scroll","background-type":"","background-media":"","overlay-type":"","overlay-color":"","overlay-opacity":"","overlay-gradient":""},"mobile":{"background-color":"var(--ast-global-color-4)","background-image":"","background-repeat":"repeat","background-position":"center center","background-size":"auto","background-attachment":"scroll","background-type":"","background-media":"","overlay-type":"","overlay-color":"","overlay-opacity":"","overlay-gradient":""}},"footnotes":""},"class_list":["post-4866","page","type-page","status-publish","hentry"],"_links":{"self":[{"href":"https:\/\/d1pierre10coups.be\/wordpress\/wp-json\/wp\/v2\/pages\/4866","targetHints":{"allow":["GET"]}}],"collection":[{"href":"https:\/\/d1pierre10coups.be\/wordpress\/wp-json\/wp\/v2\/pages"}],"about":[{"href":"https:\/\/d1pierre10coups.be\/wordpress\/wp-json\/wp\/v2\/types\/page"}],"author":[{"embeddable":true,"href":"https:\/\/d1pierre10coups.be\/wordpress\/wp-json\/wp\/v2\/users\/1"}],"replies":[{"embeddable":true,"href":"https:\/\/d1pierre10coups.be\/wordpress\/wp-json\/wp\/v2\/comments?post=4866"}],"version-history":[{"count":4,"href":"https:\/\/d1pierre10coups.be\/wordpress\/wp-json\/wp\/v2\/pages\/4866\/revisions"}],"predecessor-version":[{"id":11402,"href":"https:\/\/d1pierre10coups.be\/wordpress\/wp-json\/wp\/v2\/pages\/4866\/revisions\/11402"}],"wp:attachment":[{"href":"https:\/\/d1pierre10coups.be\/wordpress\/wp-json\/wp\/v2\/media?parent=4866"}],"curies":[{"name":"wp","href":"https:\/\/api.w.org\/{rel}","templated":true}]}}